is the remainder when 37 is divided by z(f)?
18
Suppose 24 = -9*y + 12*y. Let q(b) = b**2 + 3*b - 3. What is the remainder when q(-6) is divided by y?
7
Let u = -6 + 19. Let i = 17 + -12. Suppose 9 = i*k - 3*v - 1, k - v = 0. Calculate the remainder when u is divided by k.
3
Suppose 4*a = -2 + 6, 22 = -2*t + 4*a. Let r be 1*t - (-1)/1. What is the remainder when 2/3 - r/6 is divided by 1?
0
Let n = 7 - -9. Let p = -9 + n. Calculate the remainder when p is divided by 2.
1
Suppose -2*j + 3*j - 25 = 0. Let z(b) = b**3 + 6*b**2 + b - 11. Calculate the remainder when j is divided by z(-5).
7
Suppose -h - 4 = -o - 6, 5*h = 20. Suppose 0 = o*f - 49 - 11. What is the remainder when f is divided by 16?
14
Let a(r) = r**3 + 5*r**2 - 4*r - 9. Let i = 9 + -1. Let p = i + 24. Calculate the remainder when p is divided by a(-5).
10
Let r(n) = -n**2 + 3*n + 2. Let q be r(5). Let z = q - -27. Calculate the remainder when z is divided by 7.
5
What is the remainder when 48 + (-3 - (-3)/3) + 3 is divided by 26?
23
Suppose -3*y + 6 = -81. What is the remainder when y is divided by 8?
5
Let u = -64 - -71. What is the remainder when 31 is divided by u?
3
Suppose -60 = 4*f - 4*z - 216, 3*f + 5*z = 141. Let o = f - 72. Let i = o - -42. Calculate the remainder when 34 is divided by i.
10
Let k = -20 - -12. Let w(g) = -g**3 - 8*g**2 - 7*g - 6. Calculate the remainder when w(k) is divided by 13.
11
Suppose 0*r = 2*r + 4*m - 162, -3*r + 2*m + 235 = 0. Let u = r + -45. What is the remainder when u is divided by 12?
10
Let c(k) = 4*k**3 - k**2 - 5*k + 2. What is the remainder when c(3) is divided by 29?
28
Let v(i) = i**2 - 15*i - 52. What is the remainder when 3 is divided by v(18)?
1
Let g = 6 + -2. What is the remainder when 26 is divided by g?
2
Suppose 2*q + 2 = -0. Let y = -1 - q. What is the remainder when 2 is divided by 0/(-3) + y - -2?
0
Suppose 5*x = 177 + 18. Suppose 4*a + a + x = r, 0 = 2*a + 6. Let s(o) = o**3 + 4*o**2 - 4*o - 3. Calculate the remainder when r is divided by s(-4).
11
Suppose 0 = -2*m - 0*m + 94. Let x be (-16)/12*(-90)/4. Let b = m - x. Calculate the remainder when b is divided by 6.
5
Let n = 1 + -1. Suppose r - 5*f - 33 = 0, -5*r + 0*f = -3*f - 143. Suppose n = 4*t - 16 - r. Calculate the remainder when 20 is divided by t.
9
Suppose 0 = -0*i + 3*i - 45. Suppose 39 = -2*l - 15. Let w = 56 + l. What is the remainder when w is divided by i?
14
Let j = -7 - -16. Calculate the remainder when ((-16)/3)/(1/(-3)) is divided by j.
7
Let t(w) = -w**2 + 11*w + 8. Suppose 0 = -5*p + 3*g + 45, -4*p - p = g - 45. Calculate the remainder when t(p) is divided by -4 + 0 - (-15 + -3).
12
Suppose c - w = -3*w + 3, w + 3 = -5*c. Let o = 4 + c. Calculate the remainder when o is divided by 2.
1
Suppose 5*y + 6 = 141. What is the remainder when y is divided by 4?
3
What is the remainder when 5 is divided by 5*(4 - 3)*1?
0
Let j(p) be the second derivative of -7/6*p**3 - 1/2*p**2 + 0 - p. Calculate the remainder when 37 is divided by j(-2).
11
Let q = -140 + 322. Calculate the remainder when q is divided by 37.
34
Suppose w - 207 = -p, -9 = 4*w - 1. What is the remainder when p is divided by 30?
29
Suppose 3*s - 36 = -3*k, 2*k - 9 = -2*s + 3*k. Calculate the remainder when (-4)/5*(-315)/14 is divided by s.
4
Calculate the remainder when 1/(4/22)*24/12 is divided by 8.
3
Let n be (-5 + 1)*(-10)/8. Suppose -2*i = -5 - n. Calculate the remainder when (-50)/(-4) + 1/2 is divided by i.
3
Let x(l) = -53*l + 9. What is the remainder when x(-2) is divided by 9?
7
Let i = -8 + 12. Suppose 0*d = 2*d - i. Let s = 16 - d. What is the remainder when 26 is divided by s?
12
Let j(i) = i**2 - i + 2*i**2 + 4*i + 2. Calculate the remainder when 29 is divided by j(-2).
5
Let w be (6/(-4))/((-42)/56). Suppose -5*a + 2 + 3 = 0. What is the remainder when 4 is divided by 10/4 + a/w?
1
Suppose 0 = 5*n - 135 + 70. Let r(i) = -i**2 + 4*i. Calculate the remainder when n is divided by r(2).
1
Let c(q) = -6*q - 22. Calculate the remainder when 102 is divided by c(-8).
24
Let j(v) = v**2 + 10*v - 7. Let l(x) = -x**2 - 9*x + 6. Let a(f) = 2*j(f) + 3*l(f). Calculate the remainder when 26 is divided by a(-6).
6
Let g(o) = -o**2 - 5*o + 5. Let l be g(-5). Suppose -l = -n - 2. Calculate the remainder when n is divided by 2.
1
Let u = -2396 + 3365. Let o = u - 559. Calculate the remainder when o/14 - 2/7 is divided by 8.
5
Suppose -12 = 5*w - 62. Suppose -w = -2*n + 6. Calculate the remainder when 38 is divided by n.
6
Let j(v) = 10*v - 9. What is the remainder when 52 is divided by j(2)?
8
Suppose -2*u = -7 - 3. Suppose u*l - 40 = -5*k, k + 0 + 4 = 3*l. Calculate the remainder when 18 is divided by k.
3
Let v(u) = -u**3 + 27*u**2 - 26*u + 21. Calculate the remainder when 78 is divided by v(26).
15
Let h(v) = v**2 - 6*v - 3. Let q be h(4). Let f = q - -12. What is the remainder when 2 is divided by f?
0
Suppose -8 = -2*n - 4*z, 3*n - n = 2*z + 2. Suppose -2*t = n*t - 124. What is the remainder when t is divided by 16?
15
Let h = -9 - -17. Suppose -3*b + 3 = -12. What is the remainder when h is divided by b?
3
Suppose -3*s = y + 4*y + 15, -5*y - 10 = 4*s. Calculate the remainder when 3 is divided by (y/(-4))/((-3)/(-4)).
1
Let n(k) = k**3 + 24*k**2 + 20*k - 56. Calculate the remainder when 21 is divided by n(-23).
8
Let c(k) be the third derivative of 0*k + 0 + 2*k**2 - 1/30*k**5 + 1/120*k**6 + 1/12*k**4 - 2/3*k**3. What is the remainder when 21 is divided by c(3)?
10
Let k = -48 - -74. What is the remainder when k is divided by 9?
8
Suppose 1 = -x + 21. Let w = 1 + -3. What is the remainder when x is divided by (-21)/w*2/3?
6
Let a(o) = -10*o - 32. What is the remainder when a(-9) is divided by 12?
10
Let l(w) = -399*w**3 + w. Let v be l(-1). Let p = -230 + v. Suppose -3*q + 2*q = 0, 4*g = 4*q + p. Calculate the remainder when g is divided by 22.
20
Suppose 0 = 5*g - 5*d + 50, -5*g - 73 + 23 = 2*d. Let y = g - -31. What is the remainder when y is divided by 11?
10
Let a be -1 - (3 + (-15)/3). Calculate the remainder when (-3 + 28 + -3)*a is divided by 6.
4
Let k(a) = 2*a + 30. What is the remainder when 20 is divided by k(-9)?
8
Calculate the remainder when 80 is divided by (-1 - 0/(-1))*(-6 - 22).
24
Let t = 10 - 7. Suppose -3*a + 0*n - t*n = -63, 3*a - n - 63 = 0. Calculate the remainder when ((-10)/(-4) - 0)*16 is divided by a.
19
Suppose 0 = -4*i - c + 17, 45 = 2*i + 5*c + 14. Suppose i*m = -0*m + 39. Calculate the remainder when m is divided by (2/6)/((-1)/(-21)).
6
Let t(i) = i**2 - i + 55. Let d = 1 + -2. Let v = 18 - d. Calculate the remainder when t(0) is divided by v.
17
Let h(t) = t**2 + 4*t - 5. Let f be h(-4). Let k = f + 12. Suppose 0 = 2*g + 3*c - 25, -g - 2*g + 35 = 5*c. Calculate the remainder when g is divided by k.
6
Suppose 2*m = 3 - 1. Suppose -2*w + m = -7. Suppose 3*x - 76 = -w. What is the remainder when x is divided by 13?
11
Let s be 0 + -2 + 5 + 1. Suppose 4*d = -s*o + 40, -44 = -6*o + 2*o - 3*d. Calculate the remainder when o is divided by 8.
6
Let b be 10/4 - 3/6. Suppose 2*w + 6 = -0*n + b*n, -3*n + w = -17. What is the remainder when 12 is divided by n?
5
Let z be 2 - (-3)/(3/(-85)). Let l = -37 - z. What is the remainder when l is divided by 4/6 - (-68)/6?
10
Let f(h) = h**3 + 7*h**2 - 2*h + 6. Let o be f(-5). Suppose -4*k - 6 = -o. What is the remainder when 28 is divided by k?
13
Suppose 107 = 3*i - k, -2*i + i + 2*k + 29 = 0. Let w(x) = 5*x**3. Let s be w(1). Suppose 0 = s*q - 0*q - 65. What is the remainder when i is divided by q?
11
Suppose -2*o + 23 = 5. Calculate the remainder when 18/15*(-40)/(-3) is divided by o.
7
Let m = 50 + -32. What is the remainder when 87 is divided by m?
15
Calculate the remainder when (0 - (-3)/6)/(3/366) is divided by 32.
29
Let o(s) = 4*s - 1. What is the remainder when 7 is divided by o(1)?
1
Suppose -5*t = -10*t + 10. What is the remainder when 7 is divided by t?
1
Let g = 82 - -35. Suppose 5*v + 7 = g. Suppose -c + 1 + 11 = 0. Calculate the remainder when v is divided by c.
10
Suppose -2*w = 6, -4*h + 71 - 12 = -5*w. What is the remainder when 32 is divided by h?
10
Suppose 2*i + 0 - 2 = 0. Calculate the remainder when (i/(-1))/(1/(-5)) is divided by 2.
1
Let m = -139 - -242. Suppose 5*z - 2*z - 62 = 2*t, 3*t = 5*z - m. Wha